
{"id":626,"date":"2026-01-27T16:56:35","date_gmt":"2026-01-27T16:56:35","guid":{"rendered":"https:\/\/www.therapieplatzle-imst.at\/?page_id=626"},"modified":"2026-01-28T20:05:48","modified_gmt":"2026-01-28T20:05:48","slug":"626-2","status":"publish","type":"page","link":"https:\/\/www.therapieplatzle-imst.at\/?page_id=626","title":{"rendered":"Juliane"},"content":{"rendered":"<div class=\"wpb-content-wrapper\">[vc_row][vc_column][vc_column_text css=&#8220;.vc_custom_1769533199758{margin-bottom: 0px !important;}&#8220;]\n<h1 style=\"text-align: center;\">Juliane Rauch<\/h1>\n[\/vc_column_text][\/vc_column][\/vc_row][vc_row][vc_column width=&#8220;1\/2&#8243;][mk_image src=&#8220;https:\/\/www.therapieplatzle-imst.at\/wp-content\/uploads\/2026\/01\/whatsapp-image-2026-01-28-at-20.20.00-1.jpeg&#8220; image_size=&#8220;full&#8220; margin_bottom=&#8220;10&#8243;][\/vc_column][vc_column width=&#8220;1\/2&#8243;][vc_column_text css=&#8220;.vc_custom_1769532938720{margin-bottom: 0px !important;}&#8220;]\n<p align=\"justify\">Ich bin Juliane, Cranio-Sacral-Balancing-Practitioner &amp; Humanenergetikerin.<br \/>\nIch habe mir 2023 einen Traum erf\u00fcllt und den Schritt in die Selbstst\u00e4ndigkeit gewagt.<br \/>\nMit Herzgsp\u00fcr begleite ich Menschen in ihrer k\u00f6rperlichen, seelischen und energetischen Gesundheit \u2013 ein Raum f\u00fcr achtsame Ber\u00fchrung, Energiearbeit und intuitives Heilarbeit-Bewusstsein.<\/p>\n<p><strong>Mein Angebot umfasst unter anderem<\/strong><\/p>\n<ul>\n<li>Cranio-Sacral-Balancing zur Unterst\u00fctzung des K\u00f6rpersystems<\/li>\n<li>Begleitung rund um Geburt &amp; BabyEnergetische Arbeit &amp; Heilweisen<\/li>\n<li>Kartenlegungen und Seelenwege<\/li>\n<\/ul>\n<p><strong>Alles was mit Wertsch\u00e4tzung, Respekt und dem Sinn f\u00fcr das, was ins Herz f\u00fchrt.<\/strong><\/p>\n<p><strong>Ausbildungen<\/strong><\/p>\n<ul>\n<li>Zertifikat Erster Reiki Grad nach USUI System<\/li>\n<li>Zertifikat Auffrischung Erster Reiki Grad nach USUI System<\/li>\n<li>Diplom Klassische Massage mit Schwerpunkt Marnitz Wirbels\u00e4ulenTherapie<\/li>\n<li>Diplom Fu\u00dfreflexzonen Therapie<\/li>\n<li>Diplom Cranio Sacral Balancing Practitioner<\/li>\n<\/ul>\n[\/vc_column_text][\/vc_column][\/vc_row]\n<\/div>","protected":false},"excerpt":{"rendered":"<p>[vc_row][vc_column][vc_column_text css=&#8220;.vc_custom_1769533199758{margin-bottom: 0px !important;}&#8220;] Juliane Rauch [\/vc_column_text][\/vc_column][\/vc_row][vc_row][vc_column width=&#8220;1\/2&#8243;][mk_image src=&#8220;https:\/\/www.therapieplatzle-imst.at\/wp-content\/uploads\/2026\/01\/whatsapp-image-2026-01-28-at-20.20.00-1.jpeg&#8220; image_size=&#8220;full&#8220; margin_bottom=&#8220;10&#8243;][\/vc_column][vc_column width=&#8220;1\/2&#8243;][vc_column_text css=&#8220;.vc_custom_1769532938720{margin-bottom: 0px !important;}&#8220;] Ich bin Juliane, Cranio-Sacral-Balancing-Practitioner &amp; Humanenergetikerin. Ich habe mir 2023 einen Traum erf\u00fcllt und den Schritt in die Selbstst\u00e4ndigkeit gewagt. Mit Herzgsp\u00fcr begleite ich Menschen in ihrer k\u00f6rperlichen, seelischen und energetischen Gesundheit \u2013 ein Raum f\u00fcr achtsame Ber\u00fchrung, Energiearbeit und [&hellip;]<\/p>\n","protected":false},"author":1,"featured_media":0,"parent":0,"menu_order":0,"comment_status":"closed","ping_status":"closed","template":"","meta":{"footnotes":""},"class_list":["post-626","page","type-page","status-publish","hentry"],"_links":{"self":[{"href":"https:\/\/www.therapieplatzle-imst.at\/index.php?rest_route=\/wp\/v2\/pages\/626","targetHints":{"allow":["GET"]}}],"collection":[{"href":"https:\/\/www.therapieplatzle-imst.at\/index.php?rest_route=\/wp\/v2\/pages"}],"about":[{"href":"https:\/\/www.therapieplatzle-imst.at\/index.php?rest_route=\/wp\/v2\/types\/page"}],"author":[{"embeddable":true,"href":"https:\/\/www.therapieplatzle-imst.at\/index.php?rest_route=\/wp\/v2\/users\/1"}],"replies":[{"embeddable":true,"href":"https:\/\/www.therapieplatzle-imst.at\/index.php?rest_route=%2Fwp%2Fv2%2Fcomments&post=626"}],"version-history":[{"count":5,"href":"https:\/\/www.therapieplatzle-imst.at\/index.php?rest_route=\/wp\/v2\/pages\/626\/revisions"}],"predecessor-version":[{"id":653,"href":"https:\/\/www.therapieplatzle-imst.at\/index.php?rest_route=\/wp\/v2\/pages\/626\/revisions\/653"}],"wp:attachment":[{"href":"https:\/\/www.therapieplatzle-imst.at\/index.php?rest_route=%2Fwp%2Fv2%2Fmedia&parent=626"}],"curies":[{"name":"wp","href":"https:\/\/api.w.org\/{rel}","templated":true}]}}