
{"id":194,"date":"2022-12-30T18:07:23","date_gmt":"2022-12-30T18:07:23","guid":{"rendered":"https:\/\/www.therapie-imst.at\/?page_id=194"},"modified":"2026-01-24T15:13:17","modified_gmt":"2026-01-24T15:13:17","slug":"ablauf-und-kosten","status":"publish","type":"page","link":"https:\/\/www.therapieplatzle-imst.at\/?page_id=194","title":{"rendered":"Ablauf"},"content":{"rendered":"<div class=\"wpb-content-wrapper\">[vc_row][vc_column][vc_column_text css=&#8220;.vc_custom_1745002014676{margin-bottom: 0px !important;}&#8220;]\n<h1 style=\"text-align: center;\">Ablauf<\/h1>\n[\/vc_column_text][vc_separator color=&#8220;custom&#8220; css=&#8220;&#8220; accent_color=&#8220;#717046&#8243;][vc_custom_heading text=&#8220;1&#8243; font_container=&#8220;tag:h6|font_size:50px|text_align:center|color:%23997663&#8243; use_theme_fonts=&#8220;yes&#8220; css=&#8220;&#8220;][vc_column_text css=&#8220;.vc_custom_1672430313585{margin-bottom: 0px !important;}&#8220;]\n<p style=\"text-align: center;\" align=\"justify\">Kontaktieren sie uns f\u00fcr die Vereinbarung des ersten Therapietermins (Kennenlernen &amp; Diagnostik)<\/p>\n[\/vc_column_text][\/vc_column][\/vc_row][vc_row][vc_column width=&#8220;1\/5&#8243;][mk_button dimension=&#8220;savvy&#8220; corner_style=&#8220;full_rounded&#8220; url=&#8220;tel:+4367764399600&#8243; align=&#8220;center&#8220; fullwidth=&#8220;true&#8220; outline_skin=&#8220;custom&#8220; outline_hover_bg_color=&#8220;#997663&#8243; outline_hover_color=&#8220;#ffffff&#8220;]Telefon Katharina Wolf[\/mk_button][\/vc_column][vc_column width=&#8220;1\/5&#8243;][mk_button dimension=&#8220;savvy&#8220; corner_style=&#8220;full_rounded&#8220; url=&#8220;tel:+436769242486&#8243; align=&#8220;center&#8220; fullwidth=&#8220;true&#8220; outline_skin=&#8220;custom&#8220; outline_hover_bg_color=&#8220;#997663&#8243; outline_hover_color=&#8220;#ffffff&#8220;]Telefon Julia Greuter[\/mk_button][\/vc_column][vc_column width=&#8220;1\/5&#8243;][mk_button dimension=&#8220;savvy&#8220; corner_style=&#8220;full_rounded&#8220; url=&#8220;tel:+436764772672&#8243; align=&#8220;center&#8220; fullwidth=&#8220;true&#8220; outline_skin=&#8220;custom&#8220; outline_hover_bg_color=&#8220;#997663&#8243; outline_hover_color=&#8220;#ffffff&#8220;]Telefon Johanna Schatz[\/mk_button][\/vc_column][vc_column width=&#8220;1\/5&#8243;][mk_button dimension=&#8220;savvy&#8220; corner_style=&#8220;full_rounded&#8220; letter_spacing=&#8220;0&#8243; url=&#8220;tel:+4368181469830&#8243; align=&#8220;center&#8220; fullwidth=&#8220;true&#8220; margin_top=&#8220;0&#8243; margin_bottom=&#8220;15&#8243; margin_right=&#8220;15&#8243; outline_skin=&#8220;custom&#8220; outline_hover_bg_color=&#8220;#997663&#8243; outline_hover_color=&#8220;#ffffff&#8220;]Telefon Julia Kurz[\/mk_button][\/vc_column][vc_column width=&#8220;1\/5&#8243;][mk_button dimension=&#8220;savvy&#8220; corner_style=&#8220;full_rounded&#8220; letter_spacing=&#8220;0&#8243; url=&#8220;tel:+4368181469830&#8243; align=&#8220;center&#8220; fullwidth=&#8220;true&#8220; margin_top=&#8220;0&#8243; margin_bottom=&#8220;15&#8243; margin_right=&#8220;15&#8243; outline_skin=&#8220;custom&#8220; outline_hover_bg_color=&#8220;#997663&#8243; outline_hover_color=&#8220;#ffffff&#8220;]Telefon Frederike Bolz[\/mk_button][\/vc_column][\/vc_row][vc_row][vc_column][vc_separator color=&#8220;custom&#8220; css=&#8220;&#8220; accent_color=&#8220;#717046&#8243;][vc_custom_heading text=&#8220;2&#8243; font_container=&#8220;tag:h6|font_size:50px|text_align:center|color:%23997663&#8243; use_theme_fonts=&#8220;yes&#8220; css=&#8220;&#8220;][vc_column_text css=&#8220;.vc_custom_1672430774634{margin-bottom: 0px !important;}&#8220;]\n<p style=\"text-align: center;\">F\u00fcr den Therapiestart wird eine \u00e4rztliche Verordnung ben\u00f6tigt. Auf dieser m\u00fcssen die Dauer und die Anzahl der Therapieeinheiten (beispielsweise 10 x 45 Minuten logop\u00e4dische\/ergotherapeutische Therapie) angef\u00fchrt sein. Bringen Sie die Verordnung bis zum zweiten Therapietermin mit.<\/p>\n[\/vc_column_text][\/vc_column][\/vc_row][vc_row][vc_column][vc_separator color=&#8220;custom&#8220; css=&#8220;&#8220; accent_color=&#8220;#717046&#8243;][vc_custom_heading text=&#8220;3&#8243; font_container=&#8220;tag:h6|font_size:50px|text_align:center|color:%23997663&#8243; use_theme_fonts=&#8220;yes&#8220; css=&#8220;&#8220;][vc_column_text css=&#8220;.vc_custom_1672430968204{margin-bottom: 0px !important;}&#8220;]\n<p style=\"text-align: center;\">Kommen Sie p\u00fcnktlich (weder zu fr\u00fch noch zu sp\u00e4t) zum vereinbarten Therapietermin. Dadurch m\u00f6chten wir verhindern, dass sich zu viele Personen gleichzeitig in unserem Wartebereich befinden. Wir bitten um Verst\u00e4ndnis!<\/p>\n[\/vc_column_text][\/vc_column][\/vc_row][vc_row][vc_column][vc_separator color=&#8220;custom&#8220; css=&#8220;&#8220; accent_color=&#8220;#717046&#8243;][vc_custom_heading text=&#8220;4&#8243; font_container=&#8220;tag:h6|font_size:50px|text_align:center|color:%23997663&#8243; use_theme_fonts=&#8220;yes&#8220; css=&#8220;&#8220;][vc_column_text css=&#8220;.vc_custom_1672431077471{margin-bottom: 0px !important;}&#8220;]\n<p style=\"text-align: center;\">Vereinbarte Termine, welche nicht wahrgenommen werden k\u00f6nnen, m\u00fcssen mindestens 24 Stunden vorher abgesagt werden. Ansonsten wird die vers\u00e4umte Einheit in Rechnung gestellt.<\/p>\n[\/vc_column_text][\/vc_column][\/vc_row][vc_row][vc_column][vc_separator color=&#8220;custom&#8220; css=&#8220;&#8220; accent_color=&#8220;#717046&#8243;][vc_custom_heading text=&#8220;5&#8243; font_container=&#8220;tag:h6|font_size:50px|text_align:center|color:%23997663&#8243; use_theme_fonts=&#8220;yes&#8220; css=&#8220;&#8220;][vc_column_text css=&#8220;.vc_custom_1672431158462{margin-bottom: 0px !important;}&#8220;]\n<p style=\"text-align: center;\">Nach dem jeweiligen Therapieblock erhalten Sie eine Honorarnote der erbrachten Leistungen. Zahlen Sie den darauf angef\u00fchrten Betrag fristgerecht ein. Anschlie\u00dfend k\u00f6nnen Sie die Honorarnote, die Zahlungsbest\u00e4tigung, die Termin\u00fcbersicht sowie die Therapieverordnung bei Ihrer Krankenkasse einreichen. Bei gesetzlichen Krankenkassen werden 40-60% und bei Zusatzversicherungen bis zu 100% der Therapiekosten refundiert.<\/p>\n[\/vc_column_text][\/vc_column][\/vc_row]\n<\/div>","protected":false},"excerpt":{"rendered":"<p>[vc_row][vc_column][vc_column_text css=&#8220;.vc_custom_1745002014676{margin-bottom: 0px !important;}&#8220;] Ablauf [\/vc_column_text][vc_separator color=&#8220;custom&#8220; css=&#8220;&#8220; accent_color=&#8220;#717046&#8243;][vc_custom_heading text=&#8220;1&#8243; font_container=&#8220;tag:h6|font_size:50px|text_align:center|color:%23997663&#8243; use_theme_fonts=&#8220;yes&#8220; css=&#8220;&#8220;][vc_column_text css=&#8220;.vc_custom_1672430313585{margin-bottom: 0px !important;}&#8220;] Kontaktieren sie uns f\u00fcr die Vereinbarung des ersten Therapietermins (Kennenlernen &amp; Diagnostik) [\/vc_column_text][\/vc_column][\/vc_row][vc_row][vc_column width=&#8220;1\/5&#8243;][mk_button dimension=&#8220;savvy&#8220; corner_style=&#8220;full_rounded&#8220; url=&#8220;tel:+4367764399600&#8243; align=&#8220;center&#8220; fullwidth=&#8220;true&#8220; outline_skin=&#8220;custom&#8220; outline_hover_bg_color=&#8220;#997663&#8243; outline_hover_color=&#8220;#ffffff&#8220;]Telefon Katharina Wolf[\/mk_button][\/vc_column][vc_column width=&#8220;1\/5&#8243;][mk_button dimension=&#8220;savvy&#8220; corner_style=&#8220;full_rounded&#8220; url=&#8220;tel:+436769242486&#8243; align=&#8220;center&#8220; fullwidth=&#8220;true&#8220; outline_skin=&#8220;custom&#8220; outline_hover_bg_color=&#8220;#997663&#8243; outline_hover_color=&#8220;#ffffff&#8220;]Telefon Julia Greuter[\/mk_button][\/vc_column][vc_column width=&#8220;1\/5&#8243;][mk_button dimension=&#8220;savvy&#8220; corner_style=&#8220;full_rounded&#8220; url=&#8220;tel:+436764772672&#8243; [&hellip;]<\/p>\n","protected":false},"author":1,"featured_media":0,"parent":0,"menu_order":0,"comment_status":"closed","ping_status":"closed","template":"","meta":{"footnotes":""},"class_list":["post-194","page","type-page","status-publish","hentry"],"_links":{"self":[{"href":"https:\/\/www.therapieplatzle-imst.at\/index.php?rest_route=\/wp\/v2\/pages\/194","targetHints":{"allow":["GET"]}}],"collection":[{"href":"https:\/\/www.therapieplatzle-imst.at\/index.php?rest_route=\/wp\/v2\/pages"}],"about":[{"href":"https:\/\/www.therapieplatzle-imst.at\/index.php?rest_route=\/wp\/v2\/types\/page"}],"author":[{"embeddable":true,"href":"https:\/\/www.therapieplatzle-imst.at\/index.php?rest_route=\/wp\/v2\/users\/1"}],"replies":[{"embeddable":true,"href":"https:\/\/www.therapieplatzle-imst.at\/index.php?rest_route=%2Fwp%2Fv2%2Fcomments&post=194"}],"version-history":[{"count":32,"href":"https:\/\/www.therapieplatzle-imst.at\/index.php?rest_route=\/wp\/v2\/pages\/194\/revisions"}],"predecessor-version":[{"id":602,"href":"https:\/\/www.therapieplatzle-imst.at\/index.php?rest_route=\/wp\/v2\/pages\/194\/revisions\/602"}],"wp:attachment":[{"href":"https:\/\/www.therapieplatzle-imst.at\/index.php?rest_route=%2Fwp%2Fv2%2Fmedia&parent=194"}],"curies":[{"name":"wp","href":"https:\/\/api.w.org\/{rel}","templated":true}]}}